{"id":3370,"date":"2018-07-22T13:04:16","date_gmt":"2018-07-22T13:04:16","guid":{"rendered":"http:\/\/www.widetech.cz\/?page_id=3370"},"modified":"2019-11-17T17:39:18","modified_gmt":"2019-11-17T15:39:18","slug":"domu","status":"publish","type":"page","link":"https:\/\/www.widetech.cz\/","title":{"rendered":"Dom\u016f"},"content":{"rendered":"\n<p><\/p>\n\n\n<div id='layer_slider_1'  class='avia-layerslider main_color avia-shadow  avia-builder-el-0  el_before_av_section  avia-builder-el-first  container_wrap sidebar_right'  style='height: 471px;'  ><\/div>\n\n<style type=\"text\/css\" data-created_by=\"avia_inline_auto\" id=\"style-css-av-jjwv6ddb-8d168ee04667da46cc32aa33c8ffde09\">\n.avia-section.av-jjwv6ddb-8d168ee04667da46cc32aa33c8ffde09{\nbackground-color:#e12043;\nbackground-image:unset;\n}\n<\/style>\n<div id='av_section_1'  class='avia-section av-jjwv6ddb-8d168ee04667da46cc32aa33c8ffde09 main_color avia-section-default avia-no-border-styling  avia-builder-el-1  el_after_av_layerslider  el_before_av_one_third  avia-bg-style-scroll container_wrap sidebar_right'  ><div class='container av-section-cont-open' ><div class='template-page content  av-content-small alpha units'><div class='post-entry post-entry-type-page post-entry-3370'><div class='entry-content-wrapper clearfix'>\n\n<style type=\"text\/css\" data-created_by=\"avia_inline_auto\" id=\"style-css-av-3iwm6y-be3ee02a7d579c867ca7e2ee84205b2b\">\n.flex_column.av-3iwm6y-be3ee02a7d579c867ca7e2ee84205b2b{\nborder-radius:0px 0px 0px 0px;\npadding:0px 0px 0px 0px;\n}\n<\/style>\n<div  class='flex_column av-3iwm6y-be3ee02a7d579c867ca7e2ee84205b2b av_three_fourth  avia-builder-el-2  el_before_av_one_fourth  avia-builder-el-first  first flex_column_div av-zero-column-padding  '     ><style type=\"text\/css\" data-created_by=\"avia_inline_auto\" id=\"style-css-av-287l7u-d179ea1bff17c5dd2d6a9d9256f84d6c\">\n#top .av-special-heading.av-287l7u-d179ea1bff17c5dd2d6a9d9256f84d6c{\npadding-bottom:2px;\ncolor:#ffffff;\n}\nbody .av-special-heading.av-287l7u-d179ea1bff17c5dd2d6a9d9256f84d6c .av-special-heading-tag .heading-char{\nfont-size:25px;\n}\n.av-special-heading.av-287l7u-d179ea1bff17c5dd2d6a9d9256f84d6c .special-heading-inner-border{\nborder-color:#ffffff;\n}\n.av-special-heading.av-287l7u-d179ea1bff17c5dd2d6a9d9256f84d6c .av-subheading{\nfont-size:15px;\n}\n<\/style>\n<div  class='av-special-heading av-287l7u-d179ea1bff17c5dd2d6a9d9256f84d6c av-special-heading-h3 custom-color-heading blockquote modern-quote  avia-builder-el-3  avia-builder-el-no-sibling '><div class='av_custom_color av-subheading av-subheading_above'><p>V\u00edce jak 14 let zku\u0161enost\u00ed..<\/p>\n<\/div><h3 class='av-special-heading-tag '  itemprop=\"headline\"  >Nedod\u00e1v\u00e1me pouze produkty a slu\u017eby. Dod\u00e1v\u00e1me komplexn\u00ed \u0159e\u0161en\u00ed.<\/h3><div class=\"special-heading-border\"><div class=\"special-heading-inner-border\"><\/div><\/div><\/div><\/div>\n<style type=\"text\/css\" data-created_by=\"avia_inline_auto\" id=\"style-css-av-b2iqi-850749874d4c1cb32c437f9d6179437f\">\n.flex_column.av-b2iqi-850749874d4c1cb32c437f9d6179437f{\nborder-radius:0px 0px 0px 0px;\npadding:0px 0px 0px 0px;\n}\n<\/style>\n<div  class='flex_column av-b2iqi-850749874d4c1cb32c437f9d6179437f av_one_fourth  avia-builder-el-4  el_after_av_three_fourth  avia-builder-el-last  flex_column_div av-zero-column-padding  '     ><div  class='avia-button-wrap av-jjwv8ljk-9ed0197fd8e85b4ef530bbd64489d02d-wrap avia-button-right  avia-builder-el-5  avia-builder-el-no-sibling '><a href='https:\/\/www.widetech.cz\/index.php\/masterhome\/domu\/kontakt\/'  class='avia-button av-jjwv8ljk-9ed0197fd8e85b4ef530bbd64489d02d av-link-btn avia-icon_select-yes-left-icon avia-size-medium avia-position-right av-icon-on-hover avia-color-light'   aria-label=\"Kontaktujte n\u00e1s\"><span class='avia_button_icon avia_button_icon_left' aria-hidden='true' data-av_icon='\ue805' data-av_iconfont='entypo-fontello'><\/span><span class='avia_iconbox_title' >Kontaktujte n\u00e1s<\/span><\/a><\/div><\/div>\n<\/div><\/div><\/div><!-- close content main div --><\/div><\/div><div id='after_section_1'  class='main_color av_default_container_wrap container_wrap sidebar_right'  ><div class='container av-section-cont-open' ><div class='template-page content  av-content-small alpha units'><div class='post-entry post-entry-type-page post-entry-3370'><div class='entry-content-wrapper clearfix'>\n<div  class='flex_column av-yxlpq-b33b17d8ba32866769d4f6762ca39ea7 av_one_third  avia-builder-el-6  el_after_av_section  el_before_av_one_third  avia-builder-el-first  first flex_column_div  '     ><article  class='iconbox iconbox_top av-9fyp5q-efe06788b3b3d77973d8cb8d1cfa6266  avia-builder-el-7  avia-builder-el-no-sibling  main_color'  itemscope=\"itemscope\" itemtype=\"https:\/\/schema.org\/CreativeWork\" ><div class=\"iconbox_content\"><header class=\"entry-content-header\" aria-label=\"Icon: Elektro\"><div class=\"iconbox_icon heading-color\" aria-hidden='true' data-av_icon='\ue866' data-av_iconfont='entypo-fontello'><\/div><h3 class='iconbox_content_title '  itemprop=\"headline\" >Elektro<\/h3><\/header><div class='iconbox_content_container '  itemprop=\"text\" ><p style=\"text-align: justify;\">\u0158e\u0161en\u00ed v oblasti <a href=\"https:\/\/www.widetech.cz\/index.php\/domu\/oblasti_cinnosti\/elektromontaze\/\">elektromont\u00e1\u017e\u00ed\u00a0<\/a>a <a href=\"https:\/\/www.widetech.cz\/index.php\/domu\/oblasti_cinnosti\/chytre-domy\/\">&#8222;chytr\u00fdch dom\u016f&#8220;<\/a>. Zaji\u0161tujeme kompletn\u00ed dod\u00e1vky, instalaci, o\u017eiven\u00ed a v\u00fdchoz\u00ed revize silnoproud\u00fdch i slaboproud\u00fdch rozvod\u016f, za\u0159\u00edzen\u00ed a syst\u00e9m\u016f. Kvalitn\u011b proveden\u00e1 pr\u00e1ce s d\u016frazem na estetiku a funk\u010dnost mont\u00e1\u017e\u00ed, proveden\u00e1 dle aktu\u00e1ln\u00edch trend\u016f a mo\u017enost\u00ed.<\/p>\n<\/div><\/div><footer class=\"entry-footer\"><\/footer><\/article><\/div><div  class='flex_column av-xn7ym-bd84bcecfb0f297747a82818600cf755 av_one_third  avia-builder-el-8  el_after_av_one_third  el_before_av_one_third  flex_column_div  '     ><article  class='iconbox iconbox_top av-94vgh2-1ac827ea108921a6ffd691a6d6f0602d  avia-builder-el-9  avia-builder-el-no-sibling  main_color'  itemscope=\"itemscope\" itemtype=\"https:\/\/schema.org\/CreativeWork\" ><div class=\"iconbox_content\"><header class=\"entry-content-header\" aria-label=\"Icon: Zabezpe\u010den\u00ed\"><div class=\"iconbox_icon heading-color\" aria-hidden='true' data-av_icon='\ue824' data-av_iconfont='entypo-fontello'><\/div><h3 class='iconbox_content_title '  itemprop=\"headline\" >Zabezpe\u010den\u00ed<\/h3><\/header><div class='iconbox_content_container '  itemprop=\"text\" ><p style=\"text-align: justify;\">Mont\u00e1\u017ee zabezpe\u010dovac\u00edch technologi\u00ed pro pr\u016fmyslov\u00e9 objekty a rodinn\u00e9 domy, p\u0159\u00edpadn\u011b v\u00edcebytov\u00e9 domy. Komplexn\u00ed \u0159e\u0161en\u00ed zabezpe\u010den\u00ed pomoc\u00ed syst\u00e9mu <a href=\"https:\/\/www.widetech.cz\/index.php\/domu\/oblasti_cinnosti\/zabezpecovaci-systemy\/\">EZS<\/a>, <a href=\"https:\/\/www.widetech.cz\/index.php\/domu\/oblasti_cinnosti\/kamerove-systemy\/\">kamerov\u00fdch syst\u00e9m\u016f<\/a>\u00a0s mo\u017enost\u00ed nadstavbov\u00e9 anal\u00fdzy a <a href=\"https:\/\/www.widetech.cz\/index.php\/domu\/oblasti_cinnosti\/elektronicke-vstupni-systemy\/\">elektonick\u00e9ho \u0159\u00edzen\u00ed p\u0159\u00edstup\u016f<\/a>.<\/p>\n<\/div><\/div><footer class=\"entry-footer\"><\/footer><\/article><\/div><\/p>\n<div  class='flex_column av-8yhxcu-5da2fabf351e0dede5efd41e0a73d44b av_one_third  avia-builder-el-10  el_after_av_one_third  el_before_av_section  avia-builder-el-last  flex_column_div  '     ><article  class='iconbox iconbox_top av-8tfxnq-f1e8222b94c58f1935c12e99d78481a7  avia-builder-el-11  avia-builder-el-no-sibling  main_color'  itemscope=\"itemscope\" itemtype=\"https:\/\/schema.org\/CreativeWork\" ><div class=\"iconbox_content\"><header class=\"entry-content-header\" aria-label=\"Icon: S\u00ed\u0165ov\u00e1 infrastruktura\"><div class=\"iconbox_icon heading-color\" aria-hidden='true' data-av_icon='\ue855' data-av_iconfont='entypo-fontello'><\/div><h3 class='iconbox_content_title '  itemprop=\"headline\" >S\u00ed\u0165ov\u00e1 infrastruktura<\/h3><\/header><div class='iconbox_content_container '  itemprop=\"text\" ><p style=\"text-align: justify;\">Kvalitn\u011b \u0159e\u0161en\u00e1 <a href=\"https:\/\/www.widetech.cz\/index.php\/domu\/oblasti_cinnosti\/site-infrastruktura\/\">s\u00ed\u0165ov\u00e1 infrastruktura<\/a> je z\u00e1kladem pro ka\u017edou funguj\u00edc\u00ed firmu. Klademe d\u016fraz na spolehlivost a robustnost \u0159e\u0161en\u00ed, v\u010detn\u011b syst\u00e9mu pro energetick\u00e9 z\u00e1lohov\u00e1n\u00ed infrastruktury. Bonusem pro zlep\u0161en\u00ed fungov\u00e1n\u00ed firem m\u016f\u017ee b\u00fdt <a href=\"https:\/\/www.widetech.cz\/index.php\/domu\/oblasti_cinnosti\/dochazkove-systemy\/\">elektronick\u00e1 evidence doch\u00e1zky<\/a>.<\/p>\n<\/div><\/div><footer class=\"entry-footer\"><\/footer><\/article><\/div>\n<\/div><\/div><\/div><!-- close content main div --><\/div><\/div>\n<style type=\"text\/css\" data-created_by=\"avia_inline_auto\" id=\"style-css-av-jjwvu6oj-5604cdb6290a2b01037cd8637cfb1e35\">\n.avia-section.av-jjwvu6oj-5604cdb6290a2b01037cd8637cfb1e35{\nbackground-color:#2b2b2b;\nbackground-image:url(https:\/\/i0.wp.com\/www.widetech.cz\/wp-content\/uploads\/2018\/07\/house-wire-model-fade-white-1500x1085.png?fit=300%2C217&ssl=1);\nbackground-repeat:no-repeat;\nbackground-position:0% 0%;\nbackground-attachment:fixed;\n}\n<\/style>\n<div id='av_section_2'  class='avia-section av-jjwvu6oj-5604cdb6290a2b01037cd8637cfb1e35 main_color avia-section-default avia-no-border-styling  avia-builder-el-12  el_after_av_one_third  avia-builder-el-last  avia-full-contain avia-bg-style-fixed container_wrap sidebar_right'  data-section-bg-repeat='contain'><div class='container av-section-cont-open' ><div class='template-page content  av-content-small alpha units'><div class='post-entry post-entry-type-page post-entry-3370'><div class='entry-content-wrapper clearfix'>\n\n<style type=\"text\/css\" data-created_by=\"avia_inline_auto\" id=\"style-css-av-2g4nka-9d24a1e4bfb81914bc8a2357db0fc629\">\n#top .av-special-heading.av-2g4nka-9d24a1e4bfb81914bc8a2357db0fc629{\npadding-bottom:0;\ncolor:#ffffff;\n}\nbody .av-special-heading.av-2g4nka-9d24a1e4bfb81914bc8a2357db0fc629 .av-special-heading-tag .heading-char{\nfont-size:25px;\n}\n.av-special-heading.av-2g4nka-9d24a1e4bfb81914bc8a2357db0fc629 .special-heading-inner-border{\nborder-color:#ffffff;\n}\n.av-special-heading.av-2g4nka-9d24a1e4bfb81914bc8a2357db0fc629 .av-subheading{\nfont-size:15px;\n}\n<\/style>\n<div  class='av-special-heading av-2g4nka-9d24a1e4bfb81914bc8a2357db0fc629 av-special-heading-h1 custom-color-heading blockquote modern-quote modern-centered  avia-builder-el-13  el_before_av_hr  avia-builder-el-first '><h1 class='av-special-heading-tag '  itemprop=\"headline\"  >Pro\u010d pr\u00e1v\u011b my?<\/h1><div class=\"special-heading-border\"><div class=\"special-heading-inner-border\"><\/div><\/div><\/div>\n<div  class='hr av-32r4ju-f26c700ce66b7b5f8ada128672368909 hr-short  avia-builder-el-14  el_after_av_heading  el_before_av_one_third  hr-center'><span class='hr-inner '><span class=\"hr-inner-style\"><\/span><\/span><\/div>\n\n<style type=\"text\/css\" data-created_by=\"avia_inline_auto\" id=\"style-css-av-aquf7j-1fbeacfee74c04063a8a58bb5a4ada86\">\n.flex_column.av-aquf7j-1fbeacfee74c04063a8a58bb5a4ada86{\nborder-radius:0px 0px 0px 0px;\npadding:0px 0px 0px 0px;\n}\n<\/style>\n<div  class='flex_column av-aquf7j-1fbeacfee74c04063a8a58bb5a4ada86 av_one_third  avia-builder-el-15  el_after_av_hr  el_before_av_one_third  first flex_column_div av-zero-column-padding  '     ><style type=\"text\/css\" data-created_by=\"avia_inline_auto\" id=\"style-css-av-jjwtpjit-a1e707e4b798ef2322951b41b445c5de\">\n.iconbox.av-jjwtpjit-a1e707e4b798ef2322951b41b445c5de .iconbox_icon{\nborder:1px solid #7c7c7c;\ncolor:#ffffff;\n}\n#top #wrap_all .iconbox.av-jjwtpjit-a1e707e4b798ef2322951b41b445c5de .iconbox_content_title{\ncolor:#ffffff;\n}\n.iconbox.av-jjwtpjit-a1e707e4b798ef2322951b41b445c5de .iconbox_content_container{\ncolor:#ffffff;\n}\n<\/style>\n<article  class='iconbox iconbox_left_content av-jjwtpjit-a1e707e4b798ef2322951b41b445c5de  avia-builder-el-16  avia-builder-el-no-sibling '  itemscope=\"itemscope\" itemtype=\"https:\/\/schema.org\/CreativeWork\" ><div class=\"iconbox_icon heading-color\" aria-hidden='true' data-av_icon='\ue856' data-av_iconfont='entypo-fontello'><\/div><div class=\"iconbox_content\"><header class=\"entry-content-header\" aria-label=\"Icon: Kvalitn\u00ed vybaven\u00ed\"><h3 class='iconbox_content_title '  itemprop=\"headline\" >Kvalitn\u00ed vybaven\u00ed<\/h3><\/header><div class='iconbox_content_container av_inherit_color'  itemprop=\"text\" ><p>Kvalitn\u00ed n\u00e1\u0159ad\u00ed a vybaven\u00ed umo\u017e\u0148uje pr\u00e1ci odv\u00e9st \u010dist\u011b a rychle. Drtiv\u00e1 v\u011bt\u0161ina na\u0161eho vybaven\u00ed je zna\u010dky HILTI.<\/p>\n<\/div><\/div><footer class=\"entry-footer\"><\/footer><\/article><\/div>\n<style type=\"text\/css\" data-created_by=\"avia_inline_auto\" id=\"style-css-av-9hl1sv-2186dce7e4997f167445453bde7b26a4\">\n.flex_column.av-9hl1sv-2186dce7e4997f167445453bde7b26a4{\nborder-radius:0px 0px 0px 0px;\npadding:0px 0px 0px 0px;\n}\n<\/style>\n<div  class='flex_column av-9hl1sv-2186dce7e4997f167445453bde7b26a4 av_one_third  avia-builder-el-17  el_after_av_one_third  el_before_av_one_third  flex_column_div av-zero-column-padding  '     ><style type=\"text\/css\" data-created_by=\"avia_inline_auto\" id=\"style-css-av-jjwtpjit-9aaafbfbbb9421ff7369161d596d164d\">\n.iconbox.av-jjwtpjit-9aaafbfbbb9421ff7369161d596d164d .iconbox_icon{\nborder:1px solid #7c7c7c;\ncolor:#ffffff;\n}\n#top #wrap_all .iconbox.av-jjwtpjit-9aaafbfbbb9421ff7369161d596d164d .iconbox_content_title{\ncolor:#ffffff;\n}\n.iconbox.av-jjwtpjit-9aaafbfbbb9421ff7369161d596d164d .iconbox_content_container{\ncolor:#ffffff;\n}\n<\/style>\n<article  class='iconbox iconbox_left_content av-jjwtpjit-9aaafbfbbb9421ff7369161d596d164d  avia-builder-el-18  avia-builder-el-no-sibling '  itemscope=\"itemscope\" itemtype=\"https:\/\/schema.org\/CreativeWork\" ><div class=\"iconbox_icon heading-color\" aria-hidden='true' data-av_icon='\ue862' data-av_iconfont='entypo-fontello'><\/div><div class=\"iconbox_content\"><header class=\"entry-content-header\" aria-label=\"Icon: 15 let zku\u0161enost\u00ed\"><h3 class='iconbox_content_title '  itemprop=\"headline\" >15 let zku\u0161enost\u00ed<\/h3><\/header><div class='iconbox_content_container av_inherit_color'  itemprop=\"text\" ><p>Zku\u0161enosti v oboru a zejm\u00e9na v pr\u016fmyslov\u00fdch aplikac\u00edch jsou neoceniteln\u00e9 pro spr\u00e1vn\u00e9 \u0159e\u0161en\u00ed Va\u0161ich po\u017eadavk\u016f.<\/p>\n<\/div><\/div><footer class=\"entry-footer\"><\/footer><\/article><\/div>\n<style type=\"text\/css\" data-created_by=\"avia_inline_auto\" id=\"style-css-av-sxwm7-6c3b2a0cba43ae2b58a533209df645e9\">\n.flex_column.av-sxwm7-6c3b2a0cba43ae2b58a533209df645e9{\nborder-radius:0px 0px 0px 0px;\npadding:0px 0px 0px 0px;\n}\n<\/style>\n<div  class='flex_column av-sxwm7-6c3b2a0cba43ae2b58a533209df645e9 av_one_third  avia-builder-el-19  el_after_av_one_third  el_before_av_one_third  flex_column_div av-zero-column-padding  '     ><style type=\"text\/css\" data-created_by=\"avia_inline_auto\" id=\"style-css-av-jjwtpjit-bb124c767681fea9efbda6b4589e61a2\">\n.iconbox.av-jjwtpjit-bb124c767681fea9efbda6b4589e61a2 .iconbox_icon{\nborder:1px solid #7c7c7c;\ncolor:#ffffff;\n}\n#top #wrap_all .iconbox.av-jjwtpjit-bb124c767681fea9efbda6b4589e61a2 .iconbox_content_title{\ncolor:#ffffff;\n}\n.iconbox.av-jjwtpjit-bb124c767681fea9efbda6b4589e61a2 .iconbox_content_container{\ncolor:#ffffff;\n}\n<\/style>\n<article  class='iconbox iconbox_left_content av-jjwtpjit-bb124c767681fea9efbda6b4589e61a2  avia-builder-el-20  avia-builder-el-no-sibling '  itemscope=\"itemscope\" itemtype=\"https:\/\/schema.org\/CreativeWork\" ><div class=\"iconbox_icon heading-color\" aria-hidden='true' data-av_icon='\ue8c9' data-av_iconfont='entypo-fontello'><\/div><div class=\"iconbox_content\"><header class=\"entry-content-header\" aria-label=\"Icon: Certifikovan\u00e9 znalosti\"><h3 class='iconbox_content_title '  itemprop=\"headline\" >Certifikovan\u00e9 znalosti<\/h3><\/header><div class='iconbox_content_container av_inherit_color'  itemprop=\"text\" ><p>St\u00e1l\u00e9 sledov\u00e1n\u00ed v\u00fdvoje technologi\u00ed, absolvov\u00e1n\u00ed \u0161kolen\u00ed a certifikac\u00ed je nezbytnou sou\u010d\u00e1st\u00ed pro realizace projekt\u016f na m\u00edru.<\/p>\n<\/div><\/div><footer class=\"entry-footer\"><\/footer><\/article><\/div>\n<style type=\"text\/css\" data-created_by=\"avia_inline_auto\" id=\"style-css-av-sxwm7-46bbe33db03387ce85ed93398bb86d96\">\n.flex_column.av-sxwm7-46bbe33db03387ce85ed93398bb86d96{\nborder-radius:0px 0px 0px 0px;\npadding:0px 0px 0px 0px;\n}\n<\/style>\n<div  class='flex_column av-sxwm7-46bbe33db03387ce85ed93398bb86d96 av_one_third  avia-builder-el-21  el_after_av_one_third  el_before_av_one_third  first flex_column_div av-zero-column-padding  column-top-margin'     ><style type=\"text\/css\" data-created_by=\"avia_inline_auto\" id=\"style-css-av-jjwtpjit-180078e39988e6278c1f8eaf1df46857\">\n.iconbox.av-jjwtpjit-180078e39988e6278c1f8eaf1df46857 .iconbox_icon{\nborder:1px solid #7c7c7c;\ncolor:#ffffff;\n}\n#top #wrap_all .iconbox.av-jjwtpjit-180078e39988e6278c1f8eaf1df46857 .iconbox_content_title{\ncolor:#ffffff;\n}\n.iconbox.av-jjwtpjit-180078e39988e6278c1f8eaf1df46857 .iconbox_content_container{\ncolor:#ffffff;\n}\n<\/style>\n<article  class='iconbox iconbox_left_content av-jjwtpjit-180078e39988e6278c1f8eaf1df46857  avia-builder-el-22  avia-builder-el-no-sibling '  itemscope=\"itemscope\" itemtype=\"https:\/\/schema.org\/CreativeWork\" ><div class=\"iconbox_icon heading-color\" aria-hidden='true' data-av_icon='\ue8cf' data-av_iconfont='entypo-fontello'><\/div><div class=\"iconbox_content\"><header class=\"entry-content-header\" aria-label=\"Icon: Cenov\u00e1 zv\u00fdhodn\u011bn\u00ed\"><h3 class='iconbox_content_title '  itemprop=\"headline\" >Cenov\u00e1 zv\u00fdhodn\u011bn\u00ed<\/h3><\/header><div class='iconbox_content_container av_inherit_color'  itemprop=\"text\" ><p>Vzhledem k \u0161irok\u00e9mu portfoliu slu\u017eeb jsme schopni obs\u00e1hnout \u0161irs\u00ed pole p\u0159i realizaci projekt\u016f a u\u0161et\u0159it tak investorovi nemal\u00e9 prost\u0159edky.<\/p>\n<\/div><\/div><footer class=\"entry-footer\"><\/footer><\/article><\/div>\n<style type=\"text\/css\" data-created_by=\"avia_inline_auto\" id=\"style-css-av-5ziigf-185e9861fa69e958ac6cc4866c76d296\">\n.flex_column.av-5ziigf-185e9861fa69e958ac6cc4866c76d296{\nborder-radius:0px 0px 0px 0px;\npadding:0px 0px 0px 0px;\n}\n<\/style>\n<div  class='flex_column av-5ziigf-185e9861fa69e958ac6cc4866c76d296 av_one_third  avia-builder-el-23  el_after_av_one_third  el_before_av_one_third  flex_column_div av-zero-column-padding  column-top-margin'     ><style type=\"text\/css\" data-created_by=\"avia_inline_auto\" id=\"style-css-av-jjwtpjit-994dec26f5962772d566df0e960ec283\">\n.iconbox.av-jjwtpjit-994dec26f5962772d566df0e960ec283 .iconbox_icon{\nborder:1px solid #7c7c7c;\ncolor:#ffffff;\n}\n#top #wrap_all .iconbox.av-jjwtpjit-994dec26f5962772d566df0e960ec283 .iconbox_content_title{\ncolor:#ffffff;\n}\n.iconbox.av-jjwtpjit-994dec26f5962772d566df0e960ec283 .iconbox_content_container{\ncolor:#ffffff;\n}\n<\/style>\n<article  class='iconbox iconbox_left_content av-jjwtpjit-994dec26f5962772d566df0e960ec283  avia-builder-el-24  avia-builder-el-no-sibling '  itemscope=\"itemscope\" itemtype=\"https:\/\/schema.org\/CreativeWork\" ><div class=\"iconbox_icon heading-color\" aria-hidden='true' data-av_icon='\ue8b9' data-av_iconfont='entypo-fontello'><\/div><div class=\"iconbox_content\"><header class=\"entry-content-header\" aria-label=\"Icon: Technick\u00e1 podpora\"><h3 class='iconbox_content_title '  itemprop=\"headline\" >Technick\u00e1 podpora<\/h3><\/header><div class='iconbox_content_container av_inherit_color'  itemprop=\"text\" ><p>D\u00edky syst\u00e9mu \u0159\u00edzen\u00ed technick\u00e9 podpory, p\u0159i\u0159azov\u00e1n\u00ed ticket\u016f a dal\u0161\u00edho zpracov\u00e1n\u00ed se nestane, \u017ee bychom na V\u00e1\u0161 po\u017eadavek zapom\u011bli. Sami m\u016f\u017eete sledovat v\u00fdvoj \u0159e\u0161en\u00ed.<\/p>\n<\/div><\/div><footer class=\"entry-footer\"><\/footer><\/article><\/div>\n<style type=\"text\/css\" data-created_by=\"avia_inline_auto\" id=\"style-css-av-3tfq6n-429ffa6c521afe8ecdb465d389e1103c\">\n.flex_column.av-3tfq6n-429ffa6c521afe8ecdb465d389e1103c{\nborder-radius:0px 0px 0px 0px;\npadding:0px 0px 0px 0px;\n}\n<\/style>\n<div  class='flex_column av-3tfq6n-429ffa6c521afe8ecdb465d389e1103c av_one_third  avia-builder-el-25  el_after_av_one_third  avia-builder-el-last  flex_column_div av-zero-column-padding  column-top-margin'     ><style type=\"text\/css\" data-created_by=\"avia_inline_auto\" id=\"style-css-av-jjwtpjit-c254c771df9ad55d5737df6137908b03\">\n.iconbox.av-jjwtpjit-c254c771df9ad55d5737df6137908b03 .iconbox_icon{\nborder:1px solid #7c7c7c;\ncolor:#ffffff;\n}\n#top #wrap_all .iconbox.av-jjwtpjit-c254c771df9ad55d5737df6137908b03 .iconbox_content_title{\ncolor:#ffffff;\n}\n.iconbox.av-jjwtpjit-c254c771df9ad55d5737df6137908b03 .iconbox_content_container{\ncolor:#ffffff;\n}\n<\/style>\n<article  class='iconbox iconbox_left_content av-jjwtpjit-c254c771df9ad55d5737df6137908b03  avia-builder-el-26  avia-builder-el-no-sibling '  itemscope=\"itemscope\" itemtype=\"https:\/\/schema.org\/CreativeWork\" ><div class=\"iconbox_icon heading-color\" aria-hidden='true' data-av_icon='\ue8c2' data-av_iconfont='entypo-fontello'><\/div><div class=\"iconbox_content\"><header class=\"entry-content-header\" aria-label=\"Icon: Nadstandartn\u00ed z\u00e1ruky\"><h3 class='iconbox_content_title '  itemprop=\"headline\" >Nadstandartn\u00ed z\u00e1ruky<\/h3><\/header><div class='iconbox_content_container av_inherit_color'  itemprop=\"text\" ><p>Jsme natolik p\u0159esv\u011bd\u010deni kvalitou na\u0161\u00ed pr\u00e1ce a pou\u017eit\u00fdch komponent, \u017ee jsme schopni nab\u00eddnou nadstandartn\u00ed z\u00e1ru\u010dn\u00ed dobu u n\u00e1mi dod\u00e1van\u00fdch \u0159e\u0161en\u00ed.<\/p>\n<\/div><\/div><footer class=\"entry-footer\"><\/footer><\/article><\/div>\n<\/div><\/div><\/div><!-- close content main div --><\/div><\/div><div id='after_section_2'  class='main_color av_default_container_wrap container_wrap sidebar_right'  ><div class='container av-section-cont-open' ><div class='template-page content  av-content-small alpha units'><div class='post-entry post-entry-type-page post-entry-3370'><div class='entry-content-wrapper clearfix'>\n","protected":false},"excerpt":{"rendered":"<p>This is a Page excerpt. It will be displayed for search results<\/p>\n","protected":false},"author":1,"featured_media":0,"parent":4528,"menu_order":0,"comment_status":"open","ping_status":"open","template":"","meta":{"_exactmetrics_skip_tracking":false,"_exactmetrics_sitenote_active":false,"_exactmetrics_sitenote_note":"","_exactmetrics_sitenote_category":0},"_links":{"self":[{"href":"https:\/\/www.widetech.cz\/index.php\/wp-json\/wp\/v2\/pages\/3370"}],"collection":[{"href":"https:\/\/www.widetech.cz\/index.php\/wp-json\/wp\/v2\/pages"}],"about":[{"href":"https:\/\/www.widetech.cz\/index.php\/wp-json\/wp\/v2\/types\/page"}],"author":[{"embeddable":true,"href":"https:\/\/www.widetech.cz\/index.php\/wp-json\/wp\/v2\/users\/1"}],"replies":[{"embeddable":true,"href":"https:\/\/www.widetech.cz\/index.php\/wp-json\/wp\/v2\/comments?post=3370"}],"version-history":[{"count":71,"href":"https:\/\/www.widetech.cz\/index.php\/wp-json\/wp\/v2\/pages\/3370\/revisions"}],"predecessor-version":[{"id":4544,"href":"https:\/\/www.widetech.cz\/index.php\/wp-json\/wp\/v2\/pages\/3370\/revisions\/4544"}],"up":[{"embeddable":true,"href":"https:\/\/www.widetech.cz\/index.php\/wp-json\/wp\/v2\/pages\/4528"}],"wp:attachment":[{"href":"https:\/\/www.widetech.cz\/index.php\/wp-json\/wp\/v2\/media?parent=3370"}],"curies":[{"name":"wp","href":"https:\/\/api.w.org\/{rel}","templated":true}]}}